{"id":120,"date":"2022-04-01T06:18:36","date_gmt":"2022-04-01T06:18:36","guid":{"rendered":"http:\/\/juandiego.ar\/diamonds\/?page_id=120"},"modified":"2023-04-17T02:02:19","modified_gmt":"2023-04-17T02:02:19","slug":"video","status":"publish","type":"page","link":"http:\/\/juandiego.ar\/diamonds\/video\/","title":{"rendered":"Videos"},"content":{"rendered":"\n<p>Una peque\u00f1a selecci\u00f3n de videos de <a rel=\"noreferrer noopener\" href=\"https:\/\/youtube.com\/juandiegooficial\" data-type=\"URL\" data-id=\"https:\/\/youtube.com\/juandiegooficial\" target=\"_blank\">YouTube<\/a> e <a rel=\"noreferrer noopener\" href=\"https:\/\/instagram.com\/juandiego.oficial\" data-type=\"URL\" data-id=\"https:\/\/instagram.com\/juandiego.oficial\" target=\"_blank\">Instagram<\/a><\/p>\n\n\n\n<figure class=\"wp-block-embed is-type-video is-provider-youtube wp-block-embed-youtube wp-embed-aspect-16-9 wp-has-aspect-ratio\"><div class=\"wp-block-embed__wrapper\">\n<iframe loading=\"lazy\" title=\"Te esperaba - Carlos Rivera (cover con Valeria L\u00f3pez y Carme)\" width=\"920\" height=\"518\" src=\"https:\/\/www.youtube.com\/embed\/fVRRu0agmjM?feature=oembed\" frameborder=\"0\" allow=\"accelerometer; autoplay; clipboard-write; encrypted-media; gyroscope; picture-in-picture; web-share\" allowfullscreen><\/iframe>\n<\/div><figcaption class=\"wp-element-caption\">\u00daltimo estreno!<\/figcaption><\/figure>\n\n\n\n<div class=\"wp-block-columns is-layout-flex wp-container-core-columns-is-layout-9d6595d7 wp-block-columns-is-layout-flex\">\n<div class=\"wp-block-column is-layout-flow wp-block-column-is-layout-flow\" style=\"flex-basis:23%\">\n<figure class=\"wp-block-embed is-type-video is-provider-youtube wp-block-embed-youtube wp-embed-aspect-16-9 wp-has-aspect-ratio\"><div class=\"wp-block-embed__wrapper\">\n<iframe loading=\"lazy\" title=\"Running up that Hill - JD ft. Tet\u00e9 (versi\u00f3n en Espa\u00f1ol \/ Spanish Version)\" width=\"920\" height=\"518\" src=\"https:\/\/www.youtube.com\/embed\/OCh-7kIx3hI?feature=oembed\" frameborder=\"0\" allow=\"accelerometer; autoplay; clipboard-write; encrypted-media; gyroscope; picture-in-picture; web-share\" allowfullscreen><\/iframe>\n<\/div><\/figure>\n\n\n\n<figure class=\"wp-block-embed is-type-video is-provider-youtube wp-block-embed-youtube wp-embed-aspect-16-9 wp-has-aspect-ratio\"><div class=\"wp-block-embed__wrapper\">\n<iframe loading=\"lazy\" title=\"Diamonds - Juan Diego (Official Pseudo Video)\" width=\"920\" height=\"518\" src=\"https:\/\/www.youtube.com\/embed\/AcoJFDnKv_I?feature=oembed\" frameborder=\"0\" allow=\"accelerometer; autoplay; clipboard-write; encrypted-media; gyroscope; picture-in-picture; web-share\" allowfullscreen><\/iframe>\n<\/div><\/figure>\n<\/div>\n\n\n\n<div class=\"wp-block-column is-layout-flow wp-block-column-is-layout-flow\" style=\"flex-basis:23%\">\n<figure class=\"wp-block-embed is-type-video is-provider-youtube wp-block-embed-youtube wp-embed-aspect-16-9 wp-has-aspect-ratio\"><div class=\"wp-block-embed__wrapper\">\n<iframe loading=\"lazy\" title=\"Perd\u00f3name (Mau y Ricky cover) - Marce Smith ft. JD\" width=\"920\" height=\"518\" src=\"https:\/\/www.youtube.com\/embed\/PpL2nMDbi2Y?feature=oembed\" frameborder=\"0\" allow=\"accelerometer; autoplay; clipboard-write; encrypted-media; gyroscope; picture-in-picture; web-share\" allowfullscreen><\/iframe>\n<\/div><\/figure>\n\n\n\n<figure class=\"wp-block-embed is-type-video is-provider-youtube wp-block-embed-youtube wp-embed-aspect-16-9 wp-has-aspect-ratio\"><div class=\"wp-block-embed__wrapper\">\n<iframe loading=\"lazy\" title=\"Dancing with a Stranger (Sam Smith cover) - Tet\u00e9 ft. JD\" width=\"920\" height=\"518\" src=\"https:\/\/www.youtube.com\/embed\/plSmhW9KSQY?feature=oembed\" frameborder=\"0\" allow=\"accelerometer; autoplay; clipboard-write; encrypted-media; gyroscope; picture-in-picture; web-share\" allowfullscreen><\/iframe>\n<\/div><\/figure>\n<\/div>\n\n\n\n<div class=\"wp-block-column is-layout-flow wp-block-column-is-layout-flow\">\n<figure class=\"wp-block-embed is-type-video is-provider-youtube wp-block-embed-youtube wp-embed-aspect-16-9 wp-has-aspect-ratio\"><div class=\"wp-block-embed__wrapper\">\n<iframe loading=\"lazy\" title=\"Another One - Juan Diego (Sam Smith cover)\" width=\"920\" height=\"518\" src=\"https:\/\/www.youtube.com\/embed\/rJ7fK8TlMb4?feature=oembed\" frameborder=\"0\" allow=\"accelerometer; autoplay; clipboard-write; encrypted-media; gyroscope; picture-in-picture; web-share\" allowfullscreen><\/iframe>\n<\/div><\/figure>\n<\/div>\n<\/div>\n\n\n\n<div class=\"wp-block-columns is-layout-flex wp-container-core-columns-is-layout-9d6595d7 wp-block-columns-is-layout-flex\">\n<div class=\"wp-block-column is-layout-flow wp-block-column-is-layout-flow\">\n<figure class=\"wp-block-embed is-type-video is-provider-youtube wp-block-embed-youtube wp-embed-aspect-16-9 wp-has-aspect-ratio\"><div class=\"wp-block-embed__wrapper\">\n<iframe loading=\"lazy\" title=\"Cabildo y Juramento (Cover Conociendo Rusia) - Juan Diego\" width=\"920\" height=\"518\" src=\"https:\/\/www.youtube.com\/embed\/bKat0-ezmmE?feature=oembed\" frameborder=\"0\" allow=\"accelerometer; autoplay; clipboard-write; encrypted-media; gyroscope; picture-in-picture; web-share\" allowfullscreen><\/iframe>\n<\/div><\/figure>\n<\/div>\n\n\n\n<div class=\"wp-block-column is-layout-flow wp-block-column-is-layout-flow\">\n<figure class=\"wp-block-embed is-type-video is-provider-youtube wp-block-embed-youtube wp-embed-aspect-16-9 wp-has-aspect-ratio\"><div class=\"wp-block-embed__wrapper\">\n<iframe loading=\"lazy\" title=\"Caramelo (Ozuna cover) - Marce Smith ft. JD\" width=\"920\" height=\"518\" src=\"https:\/\/www.youtube.com\/embed\/fUMFj5p_bYs?feature=oembed\" frameborder=\"0\" allow=\"accelerometer; autoplay; clipboard-write; encrypted-media; gyroscope; picture-in-picture; web-share\" allowfullscreen><\/iframe>\n<\/div><\/figure>\n<\/div>\n\n\n\n<div class=\"wp-block-column is-layout-flow wp-block-column-is-layout-flow\">\n<figure class=\"wp-block-embed is-type-video is-provider-youtube wp-block-embed-youtube wp-embed-aspect-16-9 wp-has-aspect-ratio\"><div class=\"wp-block-embed__wrapper\">\n<iframe loading=\"lazy\" title=\"Lovely (Billie Eilish cover)\" width=\"920\" height=\"518\" src=\"https:\/\/www.youtube.com\/embed\/LsPJSPrCBeM?feature=oembed\" frameborder=\"0\" allow=\"accelerometer; autoplay; clipboard-write; encrypted-media; gyroscope; picture-in-picture; web-share\" allowfullscreen><\/iframe>\n<\/div><\/figure>\n<\/div>\n<\/div>\n","protected":false},"excerpt":{"rendered":"<p>Una peque\u00f1a selecci\u00f3n de videos de YouTube e Instagram<\/p>\n","protected":false},"author":2,"featured_media":112,"parent":0,"menu_order":0,"comment_status":"closed","ping_status":"closed","template":"templates\/full-width-page.php","meta":{"_monsterinsights_skip_tracking":false,"_monsterinsights_sitenote_active":false,"_monsterinsights_sitenote_note":"","_monsterinsights_sitenote_category":0,"footnotes":""},"class_list":["post-120","page","type-page","status-publish","has-post-thumbnail","hentry"],"aioseo_notices":[],"_links":{"self":[{"href":"http:\/\/juandiego.ar\/diamonds\/wp-json\/wp\/v2\/pages\/120","targetHints":{"allow":["GET"]}}],"collection":[{"href":"http:\/\/juandiego.ar\/diamonds\/wp-json\/wp\/v2\/pages"}],"about":[{"href":"http:\/\/juandiego.ar\/diamonds\/wp-json\/wp\/v2\/types\/page"}],"author":[{"embeddable":true,"href":"http:\/\/juandiego.ar\/diamonds\/wp-json\/wp\/v2\/users\/2"}],"replies":[{"embeddable":true,"href":"http:\/\/juandiego.ar\/diamonds\/wp-json\/wp\/v2\/comments?post=120"}],"version-history":[{"count":3,"href":"http:\/\/juandiego.ar\/diamonds\/wp-json\/wp\/v2\/pages\/120\/revisions"}],"predecessor-version":[{"id":183,"href":"http:\/\/juandiego.ar\/diamonds\/wp-json\/wp\/v2\/pages\/120\/revisions\/183"}],"wp:featuredmedia":[{"embeddable":true,"href":"http:\/\/juandiego.ar\/diamonds\/wp-json\/wp\/v2\/media\/112"}],"wp:attachment":[{"href":"http:\/\/juandiego.ar\/diamonds\/wp-json\/wp\/v2\/media?parent=120"}],"curies":[{"name":"wp","href":"https:\/\/api.w.org\/{rel}","templated":true}]}}